{"id":416,"date":"2024-07-08T14:05:35","date_gmt":"2024-07-08T14:05:35","guid":{"rendered":"http:\/\/www.elektronikmalzemeci.com\/?post_type=product&#038;p=416"},"modified":"2024-07-08T14:05:36","modified_gmt":"2024-07-08T14:05:36","slug":"ss110-e-schottky-diyot-mcc","status":"publish","type":"product","link":"http:\/\/www.elektronikmalzemeci.com\/index.php\/urun\/ss110-e-schottky-diyot-mcc\/","title":{"rendered":"SS110-E Schottky Diyot &#8211; MCC"},"content":{"rendered":"<p><strong>\u00dcr\u00fcn A\u00e7\u0131klamas\u0131:<\/strong><\/p>\n<p>SS110-E, MCC (Micro Commercial Components) taraf\u0131ndan \u00fcretilen bir Schottky diyotudur. Bu diyot, d\u00fc\u015f\u00fck voltaj d\u00fc\u015f\u00fcm\u00fc ve h\u0131zl\u0131 anahtarlama \u00f6zellikleri ile \u00e7e\u015fitli elektronik uygulamalarda kullan\u0131l\u0131r. DO-214AC (SMA) paketlemesi ile sunulan bu diyot, 1A ak\u0131m ta\u015f\u0131ma kapasitesine ve 100V tepe ters gerilime sahiptir.<\/p>\n<p><strong>Temel \u00d6zellikler:<\/strong><\/p>\n<ul>\n<li><strong>Tip:<\/strong> Schottky Diyot<\/li>\n<li><strong>\u00dcretici:<\/strong> MCC (Micro Commercial Components)<\/li>\n<li><strong>Paketleme:<\/strong> DO-214AC (SMA)<\/li>\n<li><strong>Ak\u0131m Kapasitesi:<\/strong> 1A<\/li>\n<li><strong>Tepe Ters Gerilim:<\/strong> 100V<\/li>\n<\/ul>\n<p><strong>Teknik Bilgiler:<\/strong><\/p>\n<ul>\n<li><strong>Ak\u0131m Kapasitesi:<\/strong> 1A<\/li>\n<li><strong>Tepe Ters Gerilim:<\/strong> 100V<\/li>\n<li><strong>Paketleme:<\/strong> DO-214AC (SMA)<\/li>\n<\/ul>\n","protected":false},"excerpt":{"rendered":"<p>\u00dcr\u00fcn A\u00e7\u0131klamas\u0131: SS110-E, MCC (Micro Commercial Components) taraf\u0131ndan \u00fcretilen bir Schottky diyotudur. Bu diyot, d\u00fc\u015f\u00fck voltaj d\u00fc\u015f\u00fcm\u00fc ve h\u0131zl\u0131 anahtarlama \u00f6zellikleri ile \u00e7e\u015fitli elektronik uygulamalarda kullan\u0131l\u0131r. DO-214AC (SMA) paketlemesi ile sunulan bu diyot, 1A ak\u0131m ta\u015f\u0131ma kapasitesine ve 100V tepe ters gerilime sahiptir. Temel \u00d6zellikler: Tip: Schottky Diyot \u00dcretici: MCC (Micro Commercial Components) Paketleme: DO-214AC [&hellip;]<\/p>\n","protected":false},"featured_media":417,"comment_status":"open","ping_status":"closed","template":"","meta":[],"product_brand":[],"product_cat":[418],"product_tag":[430,397,435,187,436,379,420,438],"class_list":{"0":"post-416","1":"product","2":"type-product","3":"status-publish","4":"has-post-thumbnail","6":"product_cat-schottkydiyotlar","7":"product_tag-1a-100v","8":"product_tag-do-214ac","9":"product_tag-dusuk-voltaj-dusumu","10":"product_tag-elektronik-bilesenler","11":"product_tag-hizli-anahtarlama","12":"product_tag-mcc","13":"product_tag-schottky-diyot","14":"product_tag-ss110-e","16":"first","17":"instock","18":"shipping-taxable","19":"product-type-simple"},"jetpack_sharing_enabled":true,"_links":{"self":[{"href":"http:\/\/www.elektronikmalzemeci.com\/index.php\/wp-json\/wp\/v2\/product\/416"}],"collection":[{"href":"http:\/\/www.elektronikmalzemeci.com\/index.php\/wp-json\/wp\/v2\/product"}],"about":[{"href":"http:\/\/www.elektronikmalzemeci.com\/index.php\/wp-json\/wp\/v2\/types\/product"}],"replies":[{"embeddable":true,"href":"http:\/\/www.elektronikmalzemeci.com\/index.php\/wp-json\/wp\/v2\/comments?post=416"}],"wp:featuredmedia":[{"embeddable":true,"href":"http:\/\/www.elektronikmalzemeci.com\/index.php\/wp-json\/wp\/v2\/media\/417"}],"wp:attachment":[{"href":"http:\/\/www.elektronikmalzemeci.com\/index.php\/wp-json\/wp\/v2\/media?parent=416"}],"wp:term":[{"taxonomy":"product_brand","embeddable":true,"href":"http:\/\/www.elektronikmalzemeci.com\/index.php\/wp-json\/wp\/v2\/product_brand?post=416"},{"taxonomy":"product_cat","embeddable":true,"href":"http:\/\/www.elektronikmalzemeci.com\/index.php\/wp-json\/wp\/v2\/product_cat?post=416"},{"taxonomy":"product_tag","embeddable":true,"href":"http:\/\/www.elektronikmalzemeci.com\/index.php\/wp-json\/wp\/v2\/product_tag?post=416"}],"curies":[{"name":"wp","href":"https:\/\/api.w.org\/{rel}","templated":true}]}}