{"id":1122,"date":"2024-07-16T07:50:06","date_gmt":"2024-07-16T07:50:06","guid":{"rendered":"http:\/\/www.elektronikmalzemeci.com\/?post_type=product&#038;p=1122"},"modified":"2024-07-16T07:50:07","modified_gmt":"2024-07-16T07:50:07","slug":"pc817-opto-sharp-dip","status":"publish","type":"product","link":"http:\/\/www.elektronikmalzemeci.com\/index.php\/urun\/pc817-opto-sharp-dip\/","title":{"rendered":"PC817 &#8211; Opto &#8211; SHARP &#8211; DIP"},"content":{"rendered":"<p><strong>\u00dcr\u00fcn A\u00e7\u0131klamas\u0131:<\/strong><\/p>\n<p>PC817, SHARP taraf\u0131ndan \u00fcretilen bir optokupl\u00f6rd\u00fcr. DIP k\u0131l\u0131f\u0131nda bulunan bu optokupl\u00f6r, elektriksel izolasyon sa\u011flamak amac\u0131yla kullan\u0131lan bir cihazd\u0131r. Genellikle end\u00fcstriyel uygulamalar, t\u00fcketici elektroni\u011fi ve telekom\u00fcnikasyon sistemlerinde kullan\u0131l\u0131r.<\/p>\n<p><strong>Temel \u00d6zellikler:<\/strong><\/p>\n<ul>\n<li><strong>Tip:<\/strong> Opto<\/li>\n<li><strong>K\u0131l\u0131f:<\/strong> DIP<\/li>\n<li><strong>\u00dcretici:<\/strong> SHARP<\/li>\n<\/ul>\n<p><strong>Teknik Bilgiler:<\/strong><\/p>\n<ul>\n<li><strong>K\u0131l\u0131f:<\/strong> DIP<\/li>\n<li><strong>\u00c7al\u0131\u015fma S\u0131cakl\u0131\u011f\u0131:<\/strong> -30\u00b0C ile +100\u00b0C aras\u0131nda<\/li>\n<li><strong>\u0130zole Voltaj:<\/strong> 5000 Vrms<\/li>\n<li><strong>Collector-Emitter Voltage:<\/strong> 80V<\/li>\n<li><strong>Input Forward Current:<\/strong> 50mA<\/li>\n<\/ul>\n","protected":false},"excerpt":{"rendered":"<p>\u00dcr\u00fcn A\u00e7\u0131klamas\u0131: PC817, SHARP taraf\u0131ndan \u00fcretilen bir optokupl\u00f6rd\u00fcr. DIP k\u0131l\u0131f\u0131nda bulunan bu optokupl\u00f6r, elektriksel izolasyon sa\u011flamak amac\u0131yla kullan\u0131lan bir cihazd\u0131r. Genellikle end\u00fcstriyel uygulamalar, t\u00fcketici elektroni\u011fi ve telekom\u00fcnikasyon sistemlerinde kullan\u0131l\u0131r. Temel \u00d6zellikler: Tip: Opto K\u0131l\u0131f: DIP \u00dcretici: SHARP Teknik Bilgiler: K\u0131l\u0131f: DIP \u00c7al\u0131\u015fma S\u0131cakl\u0131\u011f\u0131: -30\u00b0C ile +100\u00b0C aras\u0131nda \u0130zole Voltaj: 5000 Vrms Collector-Emitter Voltage: 80V Input [&hellip;]<\/p>\n","protected":false},"featured_media":1123,"comment_status":"open","ping_status":"closed","template":"","meta":[],"product_brand":[],"product_cat":[908],"product_tag":[748,916,187,932,928,931,935,936,934,933],"class_list":{"0":"post-1122","1":"product","2":"type-product","3":"status-publish","4":"has-post-thumbnail","6":"product_cat-optoelektronik-bilesenler","7":"product_tag-dip","8":"product_tag-elektriksel-izolasyon","9":"product_tag-elektronik-bilesenler","10":"product_tag-endustriyel-uygulamalar","11":"product_tag-opto","12":"product_tag-optokuplor","13":"product_tag-pc817","14":"product_tag-sharp","15":"product_tag-telekomunikasyon-sistemleri","16":"product_tag-tuketici-elektronigi","18":"first","19":"instock","20":"shipping-taxable","21":"product-type-simple"},"jetpack_sharing_enabled":true,"_links":{"self":[{"href":"http:\/\/www.elektronikmalzemeci.com\/index.php\/wp-json\/wp\/v2\/product\/1122"}],"collection":[{"href":"http:\/\/www.elektronikmalzemeci.com\/index.php\/wp-json\/wp\/v2\/product"}],"about":[{"href":"http:\/\/www.elektronikmalzemeci.com\/index.php\/wp-json\/wp\/v2\/types\/product"}],"replies":[{"embeddable":true,"href":"http:\/\/www.elektronikmalzemeci.com\/index.php\/wp-json\/wp\/v2\/comments?post=1122"}],"wp:featuredmedia":[{"embeddable":true,"href":"http:\/\/www.elektronikmalzemeci.com\/index.php\/wp-json\/wp\/v2\/media\/1123"}],"wp:attachment":[{"href":"http:\/\/www.elektronikmalzemeci.com\/index.php\/wp-json\/wp\/v2\/media?parent=1122"}],"wp:term":[{"taxonomy":"product_brand","embeddable":true,"href":"http:\/\/www.elektronikmalzemeci.com\/index.php\/wp-json\/wp\/v2\/product_brand?post=1122"},{"taxonomy":"product_cat","embeddable":true,"href":"http:\/\/www.elektronikmalzemeci.com\/index.php\/wp-json\/wp\/v2\/product_cat?post=1122"},{"taxonomy":"product_tag","embeddable":true,"href":"http:\/\/www.elektronikmalzemeci.com\/index.php\/wp-json\/wp\/v2\/product_tag?post=1122"}],"curies":[{"name":"wp","href":"https:\/\/api.w.org\/{rel}","templated":true}]}}